105.
5
Calculate the remainder when 19674 is divided by 787.
786
What is the remainder when 10121 is divided by 47?
16
Calculate the remainder when 57470 is divided by 558.
554
Calculate the remainder when 355 is divided by 187.
168
What is the remainder when 23820 is divided by 337?
230
What is the remainder when 52486 is divided by 12?
10
What is the remainder when 1270 is divided by 617?
36
Calculate the remainder when 179722 is divided by 7.
4
What is the remainder when 138432 is divided by 2884?
0
What is the remainder when 76515 is divided by 109?
106
What is the remainder when 67868 is divided by 2717?
2660
What is the remainder when 71391 is divided by 340?
331
What is the remainder when 23790 is divided by 2970?
30
Calculate the remainder when 14568 is divided by 94.
92
What is the remainder when 84109 is divided by 24?
13
Calculate the remainder when 24830 is divided by 27.
17
What is the remainder when 1078 is divided by 72?
70
Calculate the remainder when 3624 is divided by 454.
446
What is the remainder when 7105 is divided by 335?
70
Calculate the remainder when 24263 is divided by 785.
713
Calculate the remainder when 784 is divided by 57.
43
What is the remainder when 9310 is divided by 11?
4
What is the remainder when 4995 is divided by 100?
95
What is the remainder when 373584 is divided by 31?
3
What is the remainder when 4169 is divided by 17?
4
Calculate the remainder when 1925 is divided by 378.
35
Calculate the remainder when 1467 is divided by 279.
72
Calculate the remainder when 84042 is divided by 28001.
39
Calculate the remainder when 461 is divided by 128.
77
Calculate the remainder when 20609 is divided by 4115.
34
Calculate the remainder when 1478 is divided by 147.
8
Calculate the remainder when 70007 is divided by 24.
23
Calculate the remainder when 232640 is divided by 92.
64
What is the remainder when 1064829 is divided by 118?
115
Calculate the remainder when 57190 is divided by 880.
870
What is the remainder when 9922 is divided by 3283?
73
What is the remainder when 201296 is divided by 229?
5
Calculate the remainder when 2693 is divided by 242.
31
What is the remainder when 9792 is divided by 980?
972
Calculate the remainder when 242861 is divided by 236.
17
What is the remainder when 167656 is divided by 10?
6
What is the remainder when 1073 is divided by 788?
285
What is the remainder when 15108 is divided by 187?
148
What is the remainder when 27954 is divided by 9102?
648
Calculate the remainder when 656731 is divided by 1742.
1739
What is the remainder when 93273 is divided by 24?
9
Calculate the remainder when 14163 is divided by 99.
6
What is the remainder when 2264 is divided by 381?
359
What is the remainder when 348626 is divided by 19?
14
What is the remainder when 7824 is divided by 484?
80
Calculate the remainder when 5769 is divided by 116.
85
Calculate the remainder when 83544 is divided by 41755.
34
What is the remainder when 3704 is divided by 3686?
18
Calculate the remainder when 268 is divided by 117.
34
What is the remainder when 21785 is divided by 7252?
29
Calculate the remainder when 1160 is divided by 211.
105
Calculate the remainder when 1846 is divided by 1402.
444
Calculate the remainder when 7516 is divided by 1494.
46
What is the remainder when 25397 is divided by 89?
32
What is the remainder when 6316 is divided by 481?
63
Calculate the remainder when 20508 is divided by 5106.
84
Calculate the remainder when 226104 is divided by 9.
6
What is the remainder when 2491 is divided by 814?
49
What is the remainder when 64553 is divided by 159?
158
Calculate the remainder when 7009 is divided by 41.
39
What is the remainder when 26894 is divided by 767?
49
Calculate the remainder when 460475 is divided by 5417.
30
Calculate the remainder when 118413 is divided by 102.
93
What is the remainder when 220468 is divided by 24496?
4
What is the remainder when 182397 is divided by 26055?
12
What is the remainder when 350490 is divided by 463?
462
What is the remainder when 11580 is divided by 167?
57
What is the remainder when 14733 is divided by 10?
3
What is the remainder when 2598 is divided by 279?
87
What is the remainder when 316 is divided by 74?
20
Calculate the remainder when 8444 is divided by 2639.
527
Calculate the remainder when 49779 is divided by 9954.
9
Calculate the remainder when 124839 is divided by 69.
18
What is the remainder when 2505 is divided by 2437?
68
Calculate the remainder when 7106 is divided by 7034.
72
What is the remainder when 54783 is divided by 138?
135
What is the remainder when 342957 is divided by 17?
16
What is the remainder when 4889 is divided by 42?
17
What is the remainder when 14997 is divided by 40?
37
What is the remainder when 530434 is divided by 176807?
13
Calculate the remainder when 2425085 is divided by 64.
61
What is the remainder when 114328 is divided by 72?
64
Calculate the remainder when 1755 is divided by 439.
438
Calculate the remainder when 212560 is divided by 83.
80
Calculate the remainder when 4718 is divided by 294.
14
Calculate the remainder when 100258 is divided by 10.
8
Calculate the remainder when 653 is divided by 29.
15
What is the remainder when 150393 is divided by 800?
793
What is the remainder when 18799 is divided by 80?
79
What is the remainder when 1166 is divided by 1146?
20
Calculate the remainder when 10550 is divided by 405.
20
What is the remainder when 850 is divided by 107?
101
Calculate the remainder when 7051 is divided by 153.
13
What is the remainder when 3444 is divided by 3432?
12
Calculate the remainder when 37842 is divided by 1720.
2
What is the remainder when 3574892 is divided by 21?
20
Calculate the remainder when 260569 is divided by 34.
27
Calculate the remainder when 12884 is divided by 22.
14
Calculate the remainder when 5869 is divided by 2707.
455
Calculate the remainder when 17191 is divided by 17165.
26
Calculate the remainder when 145950 is divided by 103.
102
What is the remainder when 452 is divided by 422?
30
What is the remainder when 23267 is divided by 756?
587
What is the remainder when 211876 is divided by 8?
4
What is the remainder when 18644 is divided by 466?
4
Calculate the remainder when 83819 is divided by 56.
43
Calculate the remainder when 74708 is divided by 24873.
89
Calculate the remainder when 113764 is divided by 208.
196
Calculate the remainder when 10034 is divided by 720.
674
What is the remainder when 3372 is divided by 502?
360
Calculate the remainder when 172111 is divided by 57364.
19
What is the remainder when 335405 is divided by 52?
5
What is the remainder when 44109 is divided by 64?
13
What is the remainder when 23446 is divided by 23417?
29
What is the remainder when 49764 is divided by 546?
78
Calculate the remainder when 2762 is divided by 2402.
360
Calculate the remainder when 14793 is divided by 7345.
103
What is the remainder when 6275546 is divided by 50?
46
Calculate the remainder when 8227 is divided by 98.
93
Calculate the remainder when 537972 is divided by 135.
132
Calculate the remainder when 109001 is divided by 167.
117
Calculate the remainder when 4500 is divided by 4476.
24
Calculate the remainder when 1718 is divided by 562.
32
What is the remainder when 2602 is divided by 606?
178
What is the remainder when 18493 is divided by 3685?
68
What is the remainder when 5540 is divided by 884?
236
What is the remainder when 4979 is divided by 1640?
59
What is the remainder when 108127 is divided by 55?
52
Calculate the remainder when 142797 is divided by 525.
522
Calculate the remainder when 433881 is divided by 132.
129
Calculate the remainder when 28966 is divided by 1315.
36
What is the remainder when 71332 is divided by 15?
7
Calculate the remainder when 15455 is divided by 1542.
35
Calculate the remainder when 3321 is divided by 305.
271
Calculate the remainder when 3241 is divided by 508.
193
Calculate the remainder when 22424 is divided by 73.
13
What is the remainder when 4487308 is divided by 62?
58
Calculate the remainder when 5522 is divided by 857.
380
Calculate the remainder when 415774 is divided by 138587.
13
Calculate the remainder when 16004 is divided by 276.
272
Calculate the remainder when 1494976 is divided by 1470.